5, 23, 167
List the prime factors of 36044.
2, 9011
What are the prime factors of 4247?
31, 137
List the prime factors of 26778.
2, 3, 4463
List the prime factors of 288.
2, 3
What are the prime factors of 204?
2, 3, 17
List the prime factors of 2290.
2, 5, 229
List the prime factors of 3303.
3, 367
What are the prime factors of 5612?
2, 23, 61
What are the prime factors of 70326?
2, 3, 3907
List the prime factors of 1226.
2, 613
List the prime factors of 35418.
2, 3, 5903
What are the prime factors of 1480?
2, 5, 37
What are the prime factors of 4416?
2, 3, 23
List the prime factors of 4126.
2, 2063
What are the prime factors of 6304?
2, 197
List the prime factors of 1610.
2, 5, 7, 23
List the prime factors of 851.
23, 37
List the prime factors of 78687.
3, 7, 1249
List the prime factors of 16713.
3, 619
What are the prime factors of 137?
137
What are the prime factors of 1593?
3, 59
What are the prime factors of 12376?
2, 7, 13, 17
List the prime factors of 30456.
2, 3, 47
List the prime factors of 31331.
17, 19, 97
List the prime factors of 3764.
2, 941
What are the prime factors of 8301?
3, 2767
List the prime factors of 4311.
3, 479
What are the prime factors of 2337?
3, 19, 41
List the prime factors of 7199.
23, 313
What are the prime factors of 19211?
19211
What are the prime factors of 635?
5, 127
List the prime factors of 17129.
7, 2447
List the prime factors of 7668.
2, 3, 71
List the prime factors of 12783.
3, 4261
List the prime factors of 28679.
7, 17, 241
What are the prime factors of 4687?
43, 109
What are the prime factors of 3617?
3617
What are the prime factors of 15416?
2, 41, 47
What are the prime factors of 3486?
2, 3, 7, 83
What are the prime factors of 423?
3, 47
What are the prime factors of 9845?
5, 11, 179
List the prime factors of 24498.
2, 3, 1361
What are the prime factors of 1183?
7, 13
What are the prime factors of 6664?
2, 7, 17
What are the prime factors of 13071?
3, 4357
What are the prime factors of 1092?
2, 3, 7, 13
What are the prime factors of 5379?
3, 11, 163
List the prime factors of 4302.
2, 3, 239
List the prime factors of 6503.
7, 929
List the prime factors of 9569.
7, 1367
List the prime factors of 61655.
5, 11, 19, 59
What are the prime factors of 24738?
2, 3, 7, 19, 31
What are the prime factors of 33768?
2, 3, 7, 67
What are the prime factors of 1314?
2, 3, 73
What are the prime factors of 5279?
5279
List the prime factors of 2100.
2, 3, 5, 7
What are the prime factors of 1222?
2, 13, 47
What are the prime factors of 9551?
9551
List the prime factors of 18189.
3, 43, 47
What are the prime factors of 242?
2, 11
List the prime factors of 5934.
2, 3, 23, 43
List the prime factors of 9736.
2, 1217
List the prime factors of 271.
271
What are the prime factors of 6522?
2, 3, 1087
What are the prime factors of 9108?
2, 3, 11, 23
List the prime factors of 935.
5, 11, 17
List the prime factors of 1041.
3, 347
What are the prime factors of 8018?
2, 19, 211
List the prime factors of 34963.
34963
List the prime factors of 880.
2, 5, 11
What are the prime factors of 68196?
2, 3, 5683
What are the prime factors of 9800?
2, 5, 7
List the prime factors of 1372.
2, 7
List the prime factors of 3070.
2, 5, 307
What are the prime factors of 86599?
86599
List the prime factors of 4611.
3, 29, 53
What are the prime factors of 2516?
2, 17, 37
What are the prime factors of 3492?
2, 3, 97
What are the prime factors of 3337?
47, 71
List the prime factors of 2467.
2467
What are the prime factors of 881?
881
What are the prime factors of 5604?
2, 3, 467
List the prime factors of 293.
293
What are the prime factors of 116269?
116269
List the prime factors of 2914.
2, 31, 47
List the prime factors of 375.
3, 5
List the prime factors of 1345.
5, 269
List the prime factors of 988.
2, 13, 19
List the prime factors of 1202.
2, 601
What are the prime factors of 9912?
2, 3, 7, 59
What are the prime factors of 7073?
11, 643
List the prime factors of 1642.
2, 821
What are the prime factors of 186?
2, 3, 31
List the prime factors of 17921.
17921
What are the prime factors of 7702?
2, 3851
List the prime factors of 1635.
3, 5, 109
List the prime factors of 36002.
2, 47, 383
What are the prime factors of 358?
2, 179
List the prime factors of 50281.
7, 11, 653
What are the prime factors of 2321?
11, 211
What are the prime factors of 579?
3, 193
What are the prime factors of 67122?
2, 3, 11, 113
List the prime factors of 17410.
2, 5, 1741
List the prime factors of 14102.
2, 11, 641
List the prime factors of 140.
2, 5, 7
List the prime factors of 4482.
2, 3, 83
What are the prime factors of 1104?
2, 3, 23
List the prime factors of 61897.
11, 17, 331
What are the prime factors of 20943?
3, 13, 179
What are the prime factors of 12321?
3, 37
What are the prime factors of 2692?
2, 673
List the prime factors of 1708.
2, 7, 61
What are the prime factors of 16554?
2, 3, 31, 89
List the prime factors of 5656.
2, 7, 101
What are the prime factors of 60487?
7, 8641
What are the prime factors of 7650?
2, 3, 5, 17
List the prime factors of 167244.
2, 3, 7, 11, 181
List the prime factors of 113966.
2, 56983
List the prime factors of 9323.
9323
List the prime factors of 350.
2, 5, 7
What are the prime factors of 4298?
2, 7, 307
What are the prime factors of 18749?
18749
What are the prime factors of 2712?
2, 3, 113
What are the prime factors of 1202?
2, 601
What are the prime factors of 4361?
7, 89
What are the prime factors of 27025?
5, 23, 47
List the prime factors of 31468.
2, 7867
What are the prime factors of 751?
751
What are the prime factors of 108849?
3, 13, 2791
What are the prime factors of 81473?
7, 103, 113
What are the prime factors of 24858?
2, 3, 1381
List the prime factors of 25904.
2, 1619
List the prime factors of 26308.
2, 6577
What are the prime factors of 6365?
5, 19, 67
List the prime factors of 15485.
5, 19, 163
What are the prime factors of 49?
7
List the prime factors of 54717.
3, 13, 23, 61
What are the prime factors of 22?
2, 11
What are the prime factors of 41432?
2, 5179
List the prime factors of 32140.
2, 5, 1607
List the prime factors of 35812.
2, 7, 1279
What are the prime factors of 56?
2, 7
List the prime factors of 9894.
2, 3, 17, 97
What are the prime factors of 4168?
2, 521
List the prime factors of 5615.
5, 1123
List the prime factors of 71594.
2, 35797
List the prime factors of 577.
577
List the prime factors of 27721.
19, 1459
What are the prime factors of 2570?
2, 5, 257
What are the prime factors of 83149?
11, 7559
What are the prime factors of 93039?
3, 31013
List the prime factors of 1042.
2, 521
List the prime factors of 2226.
2, 3, 7, 53
What are the prime factors of 100?
2, 5
List the prime factors of 481.
13, 37
List the prime factors of 1436.
2, 359
What are the prime factors of 375?
3, 5
What are the prime factors of 9646?
2, 7, 13, 53
What are the prime factors of 19387?
19387
List the prime factors of 26435.
5, 17, 311
What are the prime factors of 2879?
2879
What are the prime factors of 1188?
2, 3, 11
List the prime factors of 3685.
5, 11, 67
What are the prime factors of 984?
2, 3, 41
What are the prime factors of 480?
2, 3, 5
List the prime factors of 11840.
2, 5, 37
List the prime factors of 3448.
2, 431
What are the prime factors of 31940?
2, 5, 1597
What are the prime factors of 9839?
9839
What are the prime factors of 4894?
2, 2447
List the prime factors of 6524.
2, 7, 233
List the prime factors of 1164.
2, 3, 97
What are the prime factors of 2753?
2753
What are the prime factors of 697?
17, 41
List the prime factors of 86556.
2, 3, 7213
List the prime factors of 1023.
3, 11, 31
What are the prime factors of 5767?
73, 79
What are the prime factors of 35294?
2, 7, 2521
List the prime factors of 5521.
5521
What are the prime factors of 17971?
17971
List the prime factors of 65494.
2, 11, 13, 229
List the prime factors of 42978.
2, 3, 13, 19, 29
What are the prime factors of 15586?
2, 7793
List the prime factors of 45586.
2, 23, 991
What are the prime factors of 28860?
2, 3, 5, 13, 37
What are the prime factors of 49355?
5, 9871
List the prime factors of 4457.
4457
What are the prime factors of 1429?
1429
What are the prime factors of 24612?
2, 3, 7, 293
What are the prime factors of 9561?
3,